e factors of x.
2, 5, 7
Suppose 5*k = 28 - 33. Let q(u) = u + 1. Let s(m) = m. Let h(w) = k*s(w) + 4*q(w). What are the prime factors of h(3)?
13
Let w(k) = 1329*k + 470. What are the prime factors of w(7)?
29, 337
Let l = 15441 + -121. What are the prime factors of l?
2, 5, 383
Let u(s) = 344*s + 3216. What are the prime factors of u(7)?
2, 19, 37
Suppose -3*a = -5*i + 56411, -160*i + 158*i - 3*a = -22556. What are the prime factors of i?
29, 389
List the prime factors of 3 + -1 + 195987/4 - (-54)/216.
3, 16333
Let n be ((-2)/(-3))/((10/(-2))/(-15)). Suppose 0 = -5*c - n*c + 56. Suppose -c*d - 148 = -9*d. List the prime factors of d.
2, 37
Let a be 2/(-5)*(-420)/24. Suppose 3*z = -4*x + 1325, z - 12*x - 429 = -a*x. What are the prime factors of z?
439
Suppose r = 3*j - 28271, j - 7779 - 1630 = 4*r. What are the prime factors of j?
5, 13, 29
Let x(r) = r**3 + 9*r**2 + 9*r + 10. Let u be x(-8). Suppose 4*c = -u*f - 46, 0*c - 11 = 2*c - 3*f. List the prime factors of (-834)/c + 1 + (-2)/5.
2, 3, 7
Suppose -19781 = -23*i + 34522. What are the prime factors of i?
3, 787
Suppose 15*n + 61 - 121 = 0. Suppose -n*j - 535 = -3747. What are the prime factors of j?
11, 73
Let o(u) = -u**2 + 4*u + 120. Let g be o(13). Suppose 0 = 5*q + g*w - 848, 3*w = 4*q + 305 - 1005. List the prime factors of q.
2, 43
Let h = -95 + 111. Let t(o) = -19*o**3 - 15*o**2 + 18*o**3 + 19*o + o**2 + h. List the prime factors of t(-16).
2, 7
Suppose -5*d + 9 = -h, -h = -60*d + 65*d - 11. List the prime factors of 9/(-6)*(-458 - (-4)/d).
2, 3, 19
Suppose -3917 = -3*d + 4624. What are the prime factors of d?
3, 13, 73
Suppose -4*x = -5*h - 7096, 0 = -5*x + 4*h + 5627 + 3243. Suppose 5*n + 5*a - x = 2*n, 4*n - 2400 = 2*a. List the prime factors of n.
2, 13, 23
Let m be (-72)/(-900) + 204/(-50). What are the prime factors of (10*3)/(m - 652/(-160))?
2, 5
Let g = 13414 + -2692. What are the prime factors of g?
2, 3, 1787
Suppose -2*y + 5*d = -33, -4*y - d + 11 = -0*d. Suppose -3*k - y*x = -6 + 38, -5*k + x - 61 = 0. List the prime factors of (-242)/(-8) - (-3)/k.
2, 3, 5
List the prime factors of (8 - (10 + -7 + 6))*-13687.
13687
Let k = -106 + 105. Let h(v) be the second derivative of 19*v**4/3 + v**3/2 + 3*v**2/2 - 2*v. List the prime factors of h(k).
2, 19
Let i = 112 + -53. Let r be ((-7)/3 - -2)*-1065. Suppose 2*t + i = r. What are the prime factors of t?
2, 37
Let g be 3508/(-16) + 6/(-8). Let z be (g/(-66))/((-2)/(-183)). Let r = z + -216. What are the prime factors of r?
89
Let n = -329 + 603. Let c = n - -367. What are the prime factors of c?
641
Let t(k) = -k**3 - k**2 - 1. Let c(j) = -22*j**2 + j + 28. Let g(d) = c(d) + t(d). List the prime factors of g(-23).
2
Let l = 93556 - 46346. What are the prime factors of l?
2, 5, 4721
Suppose 13*u - b + 6545 = 16*u, -2*u + 4350 = 4*b. List the prime factors of u.
37, 59
Suppose 2*a + r - 131 = 0, -a + 126 = a - 4*r. Let i be (-12)/42 + a/7. Suppose i*z - 2035 = 431. What are the prime factors of z?
2, 137
Let o(u) = 1232*u - 1613. List the prime factors of o(15).
101, 167
Let l(b) = b**3 + 14*b**2 - 13*b + 8. Let y be l(-15). Let g be 3/(12/y*(-6)/48). Let z = 49 - g. List the prime factors of z.
5
Let o be -16 + (2 - (-10 + 3)). Let l(z) = -133*z + 202. What are the prime factors of l(o)?
11, 103
Suppose -3*m - 5*n + 2 = -4, -2*n = -3*m + 6. Suppose -m*p = u - 168, p - 4*u = u + 73. Let h = 72 + p. List the prime factors of h.
5, 31
Let u be ((-4)/(-20))/((-1)/(-25)). Let t(w) = -w**2 + w - 2. Let h be t(u). List the prime factors of (12024/h)/(-3) + 2/(-11).
2, 7, 13
Let d = -308 + 323. Suppose -d*k + 14*k + 478 = 0. List the prime factors of k.
2, 239
Suppose 3*o + 12363 = 5*j, 0 = -42*o + 44*o + 12. List the prime factors of j.
3, 823
Let h(f) = -731*f + 99. Let b be h(-11). List the prime factors of (b/30)/((-4)/3 - -2).
11, 37
Let r be (-5 + (-77 - -7))*148/(-10). Let j = r - 521. List the prime factors of j.
19, 31
Suppose -3 - 3 = -m. Let v = m + -3. Suppose 68 = v*z + z. List the prime factors of z.
17
Let o be -1633 + 1 + -4 + -3. Let y = -1162 - o. List the prime factors of y.
3, 53
Let h = -1 - -12. Let c(i) = -i**2 + 9*i + 26. Let p be c(h). Suppose 2*u - 5*q - 31 = -0*q, p*u + q = 73. List the prime factors of u.
2, 3
Suppose -2668460 = -76*m + 243328. List the prime factors of m.
3, 11, 43
Let r = -184 - -188. Suppose -h = r*z - 93, 4*h - 8 = 2*z + 436. List the prime factors of h.
109
Suppose -25*u = -4*c - 23*u - 70, -2*u + 86 = -5*c. What are the prime factors of 74/c + 5 + 9140/32?
2, 11, 13
Let k(t) be the second derivative of -5*t**3/3 + 11*t. Let n be k(-9). What are the prime factors of ((-2)/(-3))/(((-44)/n)/(-11))?
3, 5
What are the prime factors of 3729770/770 + (-30)/(-14)?
2, 2423
Suppose -438*h + 7480 = -427*h. Suppose -72 = -u - 2*u. Suppose -u*b + 16*b + h = 0. What are the prime factors of b?
5, 17
Let g be -2264*(18/12 - 2). Suppose 0 = -2*k + g + 1282. List the prime factors of k.
17, 71
Let b be (-6282)/18*(1 - 2). Let s = b - -172. What are the prime factors of s?
521
Let p(c) = c**3 + 18*c**2 - 30*c - 22. Let o be p(-17). Let b = o + -515. What are the prime factors of b?
2, 131
Suppose 4*u + 2394*m - 67128 = 2390*m, 3*u + 2*m - 50352 = 0. List the prime factors of u.
2, 3, 1399
Let w(l) = 1218*l + 511. List the prime factors of w(6).
7, 1117
Suppose -2*q - 5*i - 55 = 0, 3*i - 77 = 2*q - 14. Let n = -30 - q. Suppose -3*a = -4*g - 269, 2*g + n*g = -3*a + 257. What are the prime factors of a?
3, 29
Suppose 659 = 2*b - b. Suppose 0 = -5*p + 4*s + 1097, 3*p - b = -4*s + 6*s. What are the prime factors of p?
13, 17
Let s(m) = 21*m**2 - 6*m + 7. Let d be s(-4). Let w = 159 + d. What are the prime factors of w?
2, 263
Let f = -27992 - -47229. List the prime factors of f.
19237
Let l = -1369 + 1993. Let k = 1100 - l. List the prime factors of k.
2, 7, 17
Suppose 43*d + 13653 = 2*d. Let o = d + 406. List the prime factors of o.
73
List the prime factors of 29/((-1247)/(-1016262)) + -6 + (-1 - 0).
23627
Let w = 56498 - 37956. List the prime factors of w.
2, 73, 127
Let v = -11674 + 17750. List the prime factors of v.
2, 7, 31
Let m be 1275/12 - (-6)/8. Suppose m = b - 112. Suppose -4*c = -7*c + b. What are the prime factors of c?
73
Let t = -245 - -215. List the prime factors of 1242 + (-4)/((-5)/(t/(-8))).
3, 5, 83
Let h(i) = -i**3 - 9*i**2 - 11*i - 14. Let n be h(-8). Let s(y) = 2*y + 4 - n + 10*y. What are the prime factors of s(10)?
2, 3, 19
Suppose -4*k + 5*q = -7156 - 11154, q = -2*k + 9134. What are the prime factors of k?
2, 5, 457
Let c(t) = 4452*t + 3800. List the prime factors of c(7).
2, 8741
Let h be (-2)/(-5) + (-704)/(-40). Suppose 2 = 5*i - h. Suppose -s - 3*v + 8 = 0, -v - i*v = -3*s + 66. List the prime factors of s.
17
Suppose -12*c = -17*c - 2*h + 41708, -4*c + 5*h = -33340. List the prime factors of c.
2, 3, 5, 139
Let b(a) be the first derivative of -a**3 + a**2/2 + 506*a + 165. List the prime factors of b(0).
2, 11, 23
Let d = -2110 + 1198. Let x = d + 1386. List the prime factors of x.
2, 3, 79
Let j(p) = p**2 - 1. Let a(m) = 6*m**2 + 22*m - 30. Let n(v) = -a(v) + 5*j(v). Let l = 1074 + -1092. What are the prime factors of n(l)?
97
List the prime factors of ((-3)/(-2))/(252/(-2268) - (-28613)/257274).
14293
Let l = -17414 - -28424. What are the prime factors of l?
2, 3, 5, 367
Let p(h) = 390*h + 4836. What are the prime factors of p(-8)?
2, 3, 11, 13
Let w = -26563 + 45466. List the prime factors of w.
3, 6301
Let c = -27 + 27. Suppose 5*o + 200 = -2*p - 0*p, c = 3*o + 2*p + 120. Let n = 45 + o. What are the prime factors of n?
5
Suppose -332*c - 7892835 = -36540277 - 103426. List the prime factors of c.
86599
What are the prime factors of 74/(-10)*(24 + -9 - 1930)?
37, 383
Suppose -g = 3*p - 192 - 936, 376 = p + 2*g. Let q(y) = 5*y**2 + 17*y + 11. Let c be q(-12). Let t = c - p. What are the prime factors of t?
151
Suppose 0 = -4*w - 3*l + 6208, -8*w = -12*w + 4*l + 6208. What are the prime factors of w?
2, 97
Let d(c) = 2*c + 43. Let z be d(-19). Suppose 3*v = -2*v - 10, -z*l - 3*v = -1124. List the prime factors of l.
2, 113
Suppose 28 = 20*i - 32. Suppose f - 231 = 2*u, 5*u = i*f + 10*u - 737. What are the prime factors of f?
239
Suppose -2*z + 494 = -4*x - 426, -x - 233